 + -2 + 3. What is the tens digit of 3 - u/h*-10?
2
Let f(o) = o**3 - o**2 + 3*o - 1. Let q = 3 - 0. Suppose 2 = -2*h + q*h. What is the units digit of f(h)?
9
Let h(g) = 2*g**3 - g**2. Let d be h(2). Suppose -a = -5*a + d. What is the units digit of a?
3
Let u(n) = n**2 - 3*n. Let x be 4/10 - 23/(-5). Suppose 3*o + 31 = 4*i, -3*o + x - 4 = 4*i. What is the units digit of u(i)?
4
Suppose 0 = 6*z - 5*z - 2. Suppose 2*y - 5*b = z, -4*y + 0*y + 4 = 5*b. Let m(w) = 7*w + 1. What is the units digit of m(y)?
8
Let s = -2 - -28. What is the units digit of s?
6
Suppose -3*p + 16 = 3*h - 8, 14 = 4*p - 2*h. Suppose -4*b + 24 = p*u, -2*u + u = -2*b - 2. What is the units digit of b + (1 - -2) + 0?
4
Suppose 2*v - 104 = 16. What is the tens digit of v?
6
Let v = 36 + -8. Suppose b + 1 = -3*a, 4*a + 0 - 2 = -2*b. Suppose b*n = v - 8. What is the units digit of n?
4
Suppose -3*r + 10 = 4*y - 2*r, 6 = -y + 4*r. Let t be 5/y*(-48)/(-40). Suppose j - 27 = -t*w + w, -5*j + w = -80. What is the tens digit of j?
1
Let q be ((-1 - -11)/(-1))/(-2). Let a = 2 - -7. Suppose 4*u - a - 2 = -f, -q*f = 25. What is the units digit of u?
4
Let h = -7 - -4. Let m(p) = -p**3 - 3*p**2 - 3*p - 3. Let v be m(h). Suppose 5*k = -5*f + 26 - 6, 2*k + v = 5*f. What is the units digit of k?
2
Suppose -2*f + 8 = -3*f. Let m = 13 + f. Suppose -22 = -2*z - m*r, -2*z + 2*r = 17 - 39. What is the tens digit of z?
1
Let s(j) = 5*j**2 + j + 7. Let r(g) = -3*g**2 - g - 4. Let w(n) = -7*r(n) - 4*s(n). What is the units digit of w(-4)?
4
Let s = 2 + -1. Let u be -2 + 5/5*1. Let t = s - u. What is the units digit of t?
2
Suppose 3*z + 50 = 5*j, 0*j = j + 2*z - 10. Suppose -3*s + j = 4*m + 1, -2*s + 6 = 2*m. What is the units digit of s?
3
What is the tens digit of 122*2/12*3 - -2?
6
Let c be (-12)/8*4/(-3). What is the units digit of 2 + (-2)/4*c?
1
Suppose -3*m - 13 = -100. What is the tens digit of m?
2
Suppose 23*l = 25*l - 210. What is the tens digit of l?
0
Suppose 4*z + 17 = 4*l - 3, -2*l + 10 = 5*z. Let p(w) = 0*w**2 + z*w**2 - 6 - 13*w + 0*w**2 - w**2. What is the units digit of p(-11)?
6
Let i = 15 - 1. What is the units digit of i?
4
Suppose -11*w + 129 = -3. What is the units digit of w?
2
Suppose -2*u + u + 2*g = -56, -4*g + 104 = 2*u. Suppose -r + 35 = 2*l, 77 = 5*r - l - u. What is the tens digit of r?
2
Suppose c + 1 = 0, 3*n + 44 = 7*n + 4*c. What is the units digit of 318/9 - (-8)/n?
6
Let k(n) be the third derivative of -n**5/60 - 3*n**4/8 + 3*n**3/2 - 6*n**2. What is the units digit of k(-7)?
3
Let o = 18 - -3. What is the tens digit of o?
2
Let c(q) = -76*q + 12. Let i be c(10). Let y be i/36 - (-4)/(-18). What is the units digit of (-4)/14 + (-111)/y?
5
Suppose 2*j = 6*j - 64. Suppose x + 19 = 3*i, 2*i - j = 3*x - 2*x. Let c = -4 - x. What is the units digit of c?
6
Suppose -4*h + 77 = p - 20, -4*h - 4*p = -112. What is the units digit of h?
3
Let g(a) = 3*a**3 - a**2 - a. Let c(z) = z**3 - z**2 - z - 1. Let y(k) = -c(k) - g(k). What is the units digit of y(-1)?
5
Suppose 29 = n - 4*c, -5*c - 37 - 9 = -2*n. What is the tens digit of n?
1
What is the units digit of (468/(-65))/(1/(-5))?
6
Let x = 15 + -29. Let q = 6 + x. Let r(t) = -t + 2. What is the units digit of r(q)?
0
Let x be 1*-2 - (-12 + -2). What is the units digit of 182/x + (-9)/54?
5
Let w(h) = h**3 - 11*h**2 - 8*h - 14. What is the tens digit of w(12)?
3
Suppose -3*h + 254 = 2*t - t, 3*h - 244 = 4*t. What is the tens digit of h?
8
Let l = -9 + -11. Let x be 2/5 - (-428)/l. Let o = x + 31. What is the tens digit of o?
1
Suppose 0 = -6*u - 3*u + 765. What is the tens digit of u?
8
Let r(j) = j**3 - 4*j**2 + 4*j + 1. Let x be r(3). Let h = x + -4. Suppose h*k - 10 = -5*k. What is the units digit of k?
2
Let v = -7 - -12. Suppose -c - v = -6*c + 4*i, 3*i - 5 = 2*c. Let f = 10 - c. What is the units digit of f?
5
Suppose 5*y = -5*b + 5, 0 = -5*b - 2*y + 1 + 7. Suppose u = -b*u. Suppose -2*q + 6 + 26 = u. What is the tens digit of q?
1
Let k be (21/(-6) + 4)*232. Suppose -5*u + 9*u - k = 0. What is the units digit of u?
9
Suppose 0 = -0*c - 5*c + 205. Suppose -2*v + 5*u + 31 = 0, 2*v = -2*v + 3*u + c. What is the units digit of v?
8
Suppose 4*m + 20 = 6*m. What is the units digit of (-2 - -2) + m*1?
0
Let z(b) = -41*b**3 - b**2 + 3*b + 4. What is the units digit of z(-2)?
2
Let k = -8 + -2. What is the units digit of (-5)/k - (-69)/2?
5
Let t = 13 - 7. Suppose -3*o + t*o = 54. Suppose o = 5*n - 42. What is the units digit of n?
2
Suppose 3*c + 43 = 4*c. What is the units digit of c?
3
What is the tens digit of (-7)/7 - ((-441)/3)/1?
4
Let y(r) = -r**3 - 3*r**2 + 1. Let g be (-1)/(-4) + 52/(-16). What is the units digit of y(g)?
1
Let a(t) = t**2 + 5*t + 4. Let f be a(-5). Suppose 3*j = -f*n + 48, -2*j - 3*n = -n - 30. What is the tens digit of j?
1
Let a(c) be the first derivative of -c**4/4 + c**3/3 - c**2/2 + 11*c + 3. What is the tens digit of a(0)?
1
Suppose 25*t - 27*t + 34 = 0. What is the units digit of t?
7
Let g = 54 - 30. What is the units digit of g?
4
Suppose -15 - 5 = -4*l. Let j(h) = -3*h + 1. Let a(v) = -6*v + 2. Let c(i) = l*j(i) - 3*a(i). What is the units digit of c(5)?
4
Let b(c) = c**2 - 3*c - 4. What is the tens digit of b(-5)?
3
Let a(h) = h**3 + 9*h**2 + 11. What is the units digit of a(-9)?
1
Let m be (29 - -5) + 2/(-2). Let u = 62 - m. Suppose u = 3*p - 4*j, p - 4*p + 3*j + 27 = 0. What is the units digit of p?
7
Let t = 2 + -3. Let y = -7 - -3. What is the units digit of 6/y*6/t?
9
Let g = -22 - -14. What is the units digit of (1 - -47)/((-12)/g)?
2
Suppose 0*i = -5*n + i + 396, -2*n = -4*i - 144. What is the units digit of n?
0
Suppose 6*l - 3*l + 9 = 0. Let v = l + 5. Suppose d - 30 = -v*d. What is the tens digit of d?
1
Suppose 3*t - 2*j = 96, t + 0*t - 37 = -j. What is the units digit of t?
4
Let a be 104/(-10) - 26/(-65). Let u = 11 - a. What is the tens digit of u?
2
Let a = -8 + 24. Let r be (36/a)/(3/8). Suppose 3*g = g + r. What is the units digit of g?
3
Let s be (1/(2/(-2)))/1. Let r(u) = -3*u - 1. What is the units digit of r(s)?
2
What is the units digit of 12/1*(-121)/(-44)?
3
Suppose 3*u - 46 = 692. What is the units digit of u?
6
Let q(l) = 16*l**2 + 26*l**3 - 3 - 21*l - 25*l**3 - 19. What is the tens digit of q(-17)?
4
Suppose -4*k = -2*k - 6, -3*h = 3*k - 24. Suppose -h*i - 5 = -25. Suppose 3*u - g - 24 = 0, 7*u + i*g - 57 = 2*u. What is the units digit of u?
9
Suppose -5*a + 287 = 2*n, -2*a + 665 = 5*n - 0*a. What is the units digit of n?
1
Let v(z) be the first derivative of z**4/4 - 11*z**3/3 - z**2/2 + 14*z + 1. Let a be v(11). Suppose -2*u + 5*o + a = -1, -u = -3*o. What is the tens digit of u?
1
Let m = -5 - -1. Let h(u) = -u**3 - 5*u**2 + 3*u - 7. Let b be h(-6). Let d = m + b. What is the units digit of d?
7
Let a be (-2 + 5)*1/3. Suppose -j + 4 = 4*i, -15 - a = -4*j + 3*i. What is the units digit of j?
4
Let v(h) = -h - 4. Let s be v(-5). Suppose 1 = -7*p + 8*p. Let a = s + p. What is the units digit of a?
2
Let x(y) = y**3 + y**2 - y + 6. Let l be x(0). Suppose l*r - r = 55. What is the tens digit of r?
1
Suppose -358 + 46 = -2*o. What is the tens digit of o?
5
Let p(w) = w**2 + 9*w + 5. Let s be p(-8). Let b = s - 0. Let i = 1 - b. What is the units digit of i?
4
What is the tens digit of -1 + 0 - (-31 + 2)?
2
Suppose -5*f + 5*v = -2*f - 22, -5*f - 4*v + 12 = 0. What is the units digit of (18/12)/(2/f)?
3
Let y = -14 + 14. Suppose y = -4*d + 5*d - 9. What is the units digit of d?
9
Let y = 55 - 38. Let o be 4*(1 - y/(-4)). Let g = o - 15. What is the units digit of g?
6
Let v(s) = s**3 + 9*s**2 + 9*s. Let n be v(-7). Let f = n - 11. Let g = f - 14. What is the tens digit of g?
1
Let s(v) be the first derivative of -v**4/4 + 5*v**3/3 + 7*v**2/2 - 2*v - 2. Let b be s(6). Suppose 3*c = 2*c + 5*n + 8, -4*n = b. What is the units digit of c?
3
Let h be (-9)/(-4)*(-4)/(-3). Suppose -11 = -5*l + h*q, 0 = -4*l - 2*q - 3*q - 6. What is the units digit of l?
1
Suppose 2*p - 6 = 5*p, 0 = r + 4*p - 5. What is the units digit of r?
3
Suppose -6 = -2*l - 0*l. Suppose -4*g = 4*b - 8, -l*b - g - 2 = -0*g. What is the units digit of b*(27/(-6))/1?
9
Let r(h) = h**2 + 138. What is the tens digit of r(0)?
3
Let z = 2 - 0. Let i = 7 - 11. What is the units digit of ((-3)/6)/(z/